{"id":27,"date":"2022-09-17T14:08:07","date_gmt":"2022-09-17T14:08:07","guid":{"rendered":"https:\/\/kh-tanz.de\/?page_id=27"},"modified":"2022-09-17T14:47:24","modified_gmt":"2022-09-17T14:47:24","slug":"karolin-hippe","status":"publish","type":"page","link":"https:\/\/kh-tanz.de\/?page_id=27","title":{"rendered":"Karolin Hippe"},"content":{"rendered":"\n<figure class=\"wp-block-image size-large\"><img loading=\"lazy\" width=\"1024\" height=\"682\" src=\"https:\/\/kh-tanz.de\/wp-content\/uploads\/2022\/09\/4FH2449-1024x682.jpg\" alt=\"\" class=\"wp-image-24\" srcset=\"https:\/\/kh-tanz.de\/wp-content\/uploads\/2022\/09\/4FH2449-1024x682.jpg 1024w, https:\/\/kh-tanz.de\/wp-content\/uploads\/2022\/09\/4FH2449-300x200.jpg 300w, https:\/\/kh-tanz.de\/wp-content\/uploads\/2022\/09\/4FH2449-768x511.jpg 768w, https:\/\/kh-tanz.de\/wp-content\/uploads\/2022\/09\/4FH2449-1536x1022.jpg 1536w, https:\/\/kh-tanz.de\/wp-content\/uploads\/2022\/09\/4FH2449-2048x1363.jpg 2048w, https:\/\/kh-tanz.de\/wp-content\/uploads\/2022\/09\/4FH2449-272x182.jpg 272w\" sizes=\"(max-width: 1024px) 100vw, 1024px\" \/><figcaption>Karolin Hippe<\/figcaption><\/figure>\n\n\n\n<p>Ich hei\u00dfe Karolin Hippe und erhielt meine t\u00e4nzerische und p\u00e4dagogische Ausbildung an der Schule f\u00fcr B\u00fchnentanz Pergel-Ernst. Seit 2009 unterrichte ich klein und gro\u00df im Raum NRW in den F\u00e4chern klassisches Ballett, Modern- und Jazz Dance, Folklore und Pilates.<\/p>\n\n\n\n<div class=\"wp-container-2 wp-block-columns\">\n<div class=\"wp-container-1 wp-block-column\" style=\"flex-basis:100%\">\n<p><strong>Lehrt\u00e4tigkeit:<br><\/strong>Oktober 2005- Juli 2006 element. Kindertanz, Jazz Dance TSV Heist<br>Oktober 2009-Januar 2012 Kinderballett, SGL Langenfeld<br>September 2011-Oktober 2013 element. Kindertanz, Ballett,Tanzschule Eitorf<br>Oktober 2011-September 2012 element. Kindertanz, Ballett, Jazz Dance; Ballettatelier Stolberg<br>2012 element. Kindertanz, Ballett; Tanzhaus Dortmund<br>2012, 2013 Modern Dance, Boston Club D\u00fcsseldorf<br>September 2012-Juli 2017 Kinderballett, Ballettstudio Niederkassel D\u00fcsseldorf<br>November 2012-Juli 2020 Kinderballett, Ballett, Modern Jazz Dance, Pilates Ballettschule Groenendyk Meerbusch<br>September 2018-Juli 2020 Kinderballett, Ballett, eigene Kurse in den R\u00e4umlichkeiten von Happy Kids D\u00fcsseldorf<br><br><strong>Darstellerische\/t\u00e4nzerische T\u00e4tigkeit:<\/strong><br>Sommer 2018 Karl-May-Spiele Bad Segeberg, Kleindarstellerin, T\u00e4nzerin und Dance Captain<\/p>\n<\/div>\n<\/div>\n","protected":false},"excerpt":{"rendered":"<p>Ich hei\u00dfe Karolin Hippe und erhielt meine t\u00e4nzerische und p\u00e4dagogische Ausbildung an der Schule f\u00fcr B\u00fchnentanz Pergel-Ernst. Seit 2009 unterrichte ich klein und gro\u00df im Raum NRW in den F\u00e4chern klassisches Ballett, Modern- und Jazz Dance, Folklore und Pilates. Lehrt\u00e4tigkeit:Oktober 2005- Juli 2006 element. Kindertanz, Jazz Dance TSV HeistOktober 2009-Januar 2012 Kinderballett, SGL LangenfeldSeptember 2011-Oktober [&hellip;]<\/p>\n","protected":false},"author":1,"featured_media":0,"parent":0,"menu_order":0,"comment_status":"closed","ping_status":"closed","template":"","meta":[],"_links":{"self":[{"href":"https:\/\/kh-tanz.de\/index.php?rest_route=\/wp\/v2\/pages\/27"}],"collection":[{"href":"https:\/\/kh-tanz.de\/index.php?rest_route=\/wp\/v2\/pages"}],"about":[{"href":"https:\/\/kh-tanz.de\/index.php?rest_route=\/wp\/v2\/types\/page"}],"author":[{"embeddable":true,"href":"https:\/\/kh-tanz.de\/index.php?rest_route=\/wp\/v2\/users\/1"}],"replies":[{"embeddable":true,"href":"https:\/\/kh-tanz.de\/index.php?rest_route=%2Fwp%2Fv2%2Fcomments&post=27"}],"version-history":[{"count":3,"href":"https:\/\/kh-tanz.de\/index.php?rest_route=\/wp\/v2\/pages\/27\/revisions"}],"predecessor-version":[{"id":45,"href":"https:\/\/kh-tanz.de\/index.php?rest_route=\/wp\/v2\/pages\/27\/revisions\/45"}],"wp:attachment":[{"href":"https:\/\/kh-tanz.de\/index.php?rest_route=%2Fwp%2Fv2%2Fmedia&parent=27"}],"curies":[{"name":"wp","href":"https:\/\/api.w.org\/{rel}","templated":true}]}}